{"id":30,"date":"2018-08-04T14:17:20","date_gmt":"2018-08-04T11:17:20","guid":{"rendered":"https:\/\/demo.sien.com.tr\/?page_id=30"},"modified":"2022-08-17T09:04:27","modified_gmt":"2022-08-17T06:04:27","slug":"ced-raporu-proje-tanitim-dosyasi-ced-kapsamdisi-karari-cevre-danismanlik-hizmetleri-2","status":"publish","type":"page","link":"https:\/\/ankaracevre.com\/?page_id=30","title":{"rendered":"Hizmetlerimiz"},"content":{"rendered":"<p>Sien \u00c7evre Dan\u0131\u015fmanl\u0131k M\u00fchendislik \u00d6l\u00e7\u00fcm Lab. Enerji Maden \u0130n\u015f. San. Tic. LTD. \u015eT\u0130. olarak uzman kadromuz ile sundu\u011fumuz \u00e7evre dan\u0131\u015fmanl\u0131k ve \u00e7ed raporu hizmetleri ile di\u011fer hizmetlerimiz hakk\u0131nda detayl\u0131 bilgilere bu sayfadan ula\u015fabilirsiniz. A\u015fa\u011f\u0131da g\u00f6rd\u00fc\u011f\u00fcn\u00fcz hizmetler hakk\u0131nda detayl\u0131 bilgi almak i\u00e7in resimlere t\u0131klayabilir ve o hizmet ile ilgili detayl\u0131 bilgiye ula\u015fabilirsiniz.<\/p>\n<figure><a href=\"https:\/\/demo.sien.com.tr\/cevre-danismanlik-hizmeti\"><img loading=\"lazy\" decoding=\"async\" src=\"https:\/\/ankaracevre.com\/wp-content\/uploads\/2018\/08\/cevre-danismanlik-hizmeti.jpg\" sizes=\"(max-width: 990px) 100vw, 990px\" srcset=\"https:\/\/ankaracevre.com\/wp-content\/uploads\/2018\/08\/cevre-danismanlik-hizmeti.jpg 990w, https:\/\/ankaracevre.com\/wp-content\/uploads\/2018\/08\/cevre-danismanlik-hizmeti-300x121.jpg 300w, https:\/\/ankaracevre.com\/wp-content\/uploads\/2018\/08\/cevre-danismanlik-hizmeti-768x310.jpg 768w\" alt=\"Sien \u00c7evre Dan\u0131\u015fmanl\u0131k uzman kadrosu ile \u00c7evre Dan\u0131\u015fmanl\u0131k Hizmetleri alan\u0131nda profesyonel hizmet vermektedir. Detaylar bu sayfada\" width=\"990\" height=\"400\" \/><\/a><\/figure>\n<h2><a href=\"https:\/\/demo.sien.com.tr\/cevre-danismanlik-hizmeti\">\u00c7evre Dan\u0131\u015fmanl\u0131k Hizmeti<\/a><\/h2>\n<p>\u00bb\u00a0<strong>\u00c7evre Dan\u0131\u015fmanl\u0131k Hizmeti<\/strong>\u00bb\u00a0Emisyon Konulu \u00c7evre \u0130zni,\u00bb\u00a0G\u00fcr\u00fclt\u00fc Konulu \u00c7evre \u0130zni,\u00bb\u00a0De\u015farj Konulu \u00c7evre \u0130zni,\u00bb\u00a0Tehlikeli Veya Tehlikesiz At\u0131k Toplama Ay\u0131rma, At\u0131k Geri Kazan\u0131m Lisans\u00a0\u00bb\u00a0Tehlikeli At\u0131k Ta\u015f\u0131ma Firma ve Ara\u00e7 Lisans Hizmetleri,\u00bb\u00a0\u00d6mr\u00fcn\u00fc Tamamlam\u0131\u015f Ara\u00e7 Lisans Hizmeti,\u00bb\u00a0At\u0131k Ara Depolama Lisans Hizmeti,\u00bb\u00a0At\u0131k(evsel, kat\u0131, end\u00fcstriyel, t\u0131bbi, tehlikeli vs) Y\u00f6netim Planlar\u0131.<\/p>\n<figure><a href=\"https:\/\/demo.sien.com.tr\/cevresel-etki-degerlendirme\"><img loading=\"lazy\" decoding=\"async\" src=\"https:\/\/ankaracevre.com\/wp-content\/uploads\/2018\/08\/ced-raporu.jpg\" sizes=\"(max-width: 990px) 100vw, 990px\" srcset=\"https:\/\/ankaracevre.com\/wp-content\/uploads\/2018\/08\/ced-raporu.jpg 990w, https:\/\/ankaracevre.com\/wp-content\/uploads\/2018\/08\/ced-raporu-300x121.jpg 300w, https:\/\/ankaracevre.com\/wp-content\/uploads\/2018\/08\/ced-raporu-768x310.jpg 768w\" alt=\"\" width=\"990\" height=\"400\" \/><\/a><\/figure>\n<h3><a href=\"https:\/\/demo.sien.com.tr\/cevresel-etki-degerlendirme\">\u00c7ED Raporu<\/a><\/h3>\n<p>\u00bb\u00a0\u00c7evresel Etki De\u011ferlendirme <b>\u00c7ED Raporu<\/b> haz\u0131rlanmas\u0131,\u00bb\u00a0Proje Tan\u0131t\u0131m Dosyas\u0131 (PTD) Haz\u0131rlanmas\u0131,\u00bb\u00a0Sosyal Etki De\u011ferlendirme \u00c7al\u0131\u015fmalar\u0131,\u00bb\u00a0Mevcut Arazi Durum Tespitleri,\u00bb\u00a0Saha \u00c7al\u0131\u015fmalar\u0131,\u00bb\u00a0Do\u011faya Yeniden Kazand\u0131rma Planlar\u0131,\u00bb\u00a0\u00c7evre Y\u00f6netim Planlar\u0131,\u00bb\u00a0Ek VI Arama Faaliyeti Eleme-Kontrol Formlar\u0131n\u0131n Haz\u0131rlanmas\u0131,\u00bb\u00a0\u0130zleme \u00c7al\u0131\u015fmalar\u0131<\/p>\n<figure><a href=\"https:\/\/demo.sien.com.tr\/olcum-ve-raporlandirma\"><img loading=\"lazy\" decoding=\"async\" src=\"https:\/\/ankaracevre.com\/wp-content\/uploads\/2018\/08\/olcum-ve-raporlandirma.jpg\" sizes=\"(max-width: 990px) 100vw, 990px\" srcset=\"https:\/\/ankaracevre.com\/wp-content\/uploads\/2018\/08\/olcum-ve-raporlandirma.jpg 990w, https:\/\/ankaracevre.com\/wp-content\/uploads\/2018\/08\/olcum-ve-raporlandirma-300x121.jpg 300w, https:\/\/ankaracevre.com\/wp-content\/uploads\/2018\/08\/olcum-ve-raporlandirma-768x310.jpg 768w\" alt=\"\u00d6l\u00e7\u00fcm ve Raporland\u0131rma i\u015flemleriniz Sien \u00c7evre Dan\u0131\u015fmanl\u0131k b\u00fcnyesinde uzman m\u00fchendis ekipleri tarf\u0131ndan profesyonel bir \u015fekilde yap\u0131lmaktad\u0131r.\" width=\"990\" height=\"400\" \/><\/a><\/figure>\n<h3><a href=\"https:\/\/demo.sien.com.tr\/olcum-ve-raporlandirma\">\u00d6l\u00e7\u00fcm ve Raporland\u0131rma<\/a><\/h3>\n<p>\u00bb\u00a0Emisyon \u00d6l\u00e7\u00fcmleri ve Modelleme \u00c7al\u0131\u015fmalar\u0131,\u00bb\u00a0Akustik G\u00fcr\u00fclt\u00fc \u00d6l\u00e7\u00fcmleri ve Modelleme \u00c7al\u0131\u015fmalar\u0131,\u00bb\u00a0Titre\u015fim \u00d6l\u00e7\u00fcmleri\u00bb\u00a0\u0130S\u0130G (\u0130\u015f Sa\u011fl\u0131\u011f\u0131 ve \u0130\u015f G\u00fcvenli\u011fi) \u00d6l\u00e7\u00fcmleri;\u00bb\u00a0Ki\u015fisel G\u00fcr\u00fclt\u00fc \u00d6l\u00e7\u00fcmleri ve Raporland\u0131r\u0131lmas\u0131,\u00bb\u00a0\u0130\u00e7 Ortam G\u00fcr\u00fclt\u00fc \u00d6l\u00e7\u00fcmleri, Haritaland\u0131rma \u00c7al\u0131\u015fmalar\u0131 ve Raporu\u00bb\u00a0Ki\u015fisel Titre\u015fim \u00d6l\u00e7\u00fcmleri ve Raporland\u0131r\u0131lmas\u0131,\u00bb\u00a0Zemin Titre\u015fim \u00d6l\u00e7\u00fcmleri ve Raporland\u0131r\u0131lmas\u0131,\u00bb\u00a0\u0130\u00e7 Ortam S\u0131cakl\u0131k, Nem \u00d6l\u00e7\u00fcmleri(Termal Konfor \u00d6l\u00e7\u00fcmleri) veRaporland\u0131r\u0131lmas\u0131,\u00bb\u00a0Ki\u015fisel Toz \u00d6l\u00e7\u00fcmleri ve Raporland\u0131r\u0131lmas\u0131,\u00bb\u00a0\u0130\u00e7 Ortam Toz \u00d6l\u00e7\u00fcmleri ve Raporland\u0131r\u0131lmas\u0131,\u00bb\u00a0\u0130\u00e7 Ortam Kimyasal Madde \u00d6l\u00e7\u00fcmleri ve Raporland\u0131r\u0131lmas\u0131,\u00bb\u00a0Hava Ak\u0131m H\u0131z \u00d6l\u00e7\u00fcmleri ve Raporland\u0131r\u0131lmas\u0131,\u00bb\u00a0Risk Analizleri, Acil Eylem Planlar\u0131 ve Konusu ile ilgili E\u011fitimler<\/p>\n<figure><a href=\"https:\/\/demo.sien.com.tr\/muhendislik-ve-danismanlik\"><img loading=\"lazy\" decoding=\"async\" src=\"https:\/\/ankaracevre.com\/wp-content\/uploads\/2018\/08\/muhendislik-ve-danismanlik.jpg\" sizes=\"(max-width: 990px) 100vw, 990px\" srcset=\"https:\/\/ankaracevre.com\/wp-content\/uploads\/2018\/08\/muhendislik-ve-danismanlik.jpg 990w, https:\/\/ankaracevre.com\/wp-content\/uploads\/2018\/08\/muhendislik-ve-danismanlik-300x121.jpg 300w, https:\/\/ankaracevre.com\/wp-content\/uploads\/2018\/08\/muhendislik-ve-danismanlik-768x310.jpg 768w\" alt=\"\" width=\"990\" height=\"400\" \/><\/a><\/figure>\n<h3><a href=\"https:\/\/demo.sien.com.tr\/muhendislik-ve-danismanlik\">M\u00fchendislik ve Dan\u0131\u015fmanl\u0131k<\/a><\/h3>\n<p>\u00bb\u00a0\u00c7evre Mevzuat\u0131 Dan\u0131\u015fmanl\u0131k Hizmetleri\u00bb\u00a0\u0130\u015f Sa\u011fl\u0131\u011f\u0131 ve G\u00fcvenli\u011fi Mevzuat\u0131 Dan\u0131\u015fmanl\u0131k Hizmetleri\u00bb\u00a0Jeolojik-Hidrojeolojik Et\u00fctler\u00bb\u00a0Su, At\u0131ksu Ar\u0131tma, Altyap\u0131 \u00dcst Yap\u0131 Projeleri\u00bb\u00a0Maden Mevzuat\u0131 Dan\u0131\u015fmanl\u0131k Hizmetleri,\u00bb\u00a0Maden Arama Ruhsatlar\u0131,\u00bb\u00a0Maden \u0130\u015fletme Ruhsatlar\u0131,\u00bb\u00a0\u0130\u015f Yeri A\u00e7ma \u00c7al\u0131\u015fma Ruhsatlar\u0131(GSM),\u00bb\u00a0Maden \u0130\u015fletme \u0130zinleri.<\/p>\n<h3><img loading=\"lazy\" decoding=\"async\" style=\"font-size: 16px; font-weight: 400;\" src=\"https:\/\/ankaracevre.com\/wp-content\/uploads\/2018\/08\/sien-logo.png\" alt=\"Sien \u00c7evre Dan\u0131\u015fmanl\u0131k uzman kadrosu ile \u00e7ed raporu, \u00e7evre izinleri hizmeti, proje tan\u0131t\u0131m dosyas\u0131 hizmetleri vermektedir. Di\u011fer hizmetlerimiz i\u00e7in sitemizi ziyaret edin.\" width=\"298\" height=\"93\" \/><\/h3>\n<p>Hizmetlerimiz hakk\u0131nda daha detayl\u0131 bilgi almak i\u00e7in bizlere canl\u0131 destek alan\u0131ndan, telefon numaralar\u0131m\u0131zdan ula\u015fabilir ve ya ileti\u015fim sayfas\u0131ndan bizlere mail yolu ile ula\u015fabilirsiniz. Dilerseniz bizleri ofisimizde ziyaret edebilirsiniz.<\/p>\n","protected":false},"excerpt":{"rendered":"<p>Sien \u00c7evre Dan\u0131\u015fmanl\u0131k M\u00fchendislik \u00d6l\u00e7\u00fcm Lab. Enerji Maden \u0130n\u015f. San. Tic. LTD. \u015eT\u0130. olarak uzman kadromuz ile sundu\u011fumuz \u00e7evre dan\u0131\u015fmanl\u0131k ve \u00e7ed raporu hizmetleri ile di\u011fer hizmetlerimiz hakk\u0131nda detayl\u0131 bilgilere bu sayfadan ula\u015fabilirsiniz. A\u015fa\u011f\u0131da g\u00f6rd\u00fc\u011f\u00fcn\u00fcz hizmetler hakk\u0131nda detayl\u0131 bilgi almak i\u00e7in resimlere t\u0131klayabilir ve o hizmet ile ilgili detayl\u0131 bilgiye ula\u015fabilirsiniz. \u00c7evre Dan\u0131\u015fmanl\u0131k Hizmeti \u00bb\u00a0\u00c7evre<\/p>\n","protected":false},"author":1,"featured_media":0,"parent":0,"menu_order":0,"comment_status":"closed","ping_status":"closed","template":"","meta":{"footnotes":""},"yoast_head":"<!-- This site is optimized with the Yoast SEO plugin v20.13 - https:\/\/yoast.com\/wordpress\/plugins\/seo\/ -->\n<title>Hizmetlerimiz - Ankara \u00c7evre Dan\u0131\u015fmanl\u0131k Hizmetleri - Sien \u00c7evre<\/title>\n<meta name=\"description\" content=\"\u00c7ED Raporu, Proje Tan\u0131t\u0131m Dosyas\u0131, \u00c7ED Kapsamd\u0131\u015f\u0131 karar\u0131, \u00c7evre Dan\u0131\u015fmanl\u0131k Hizmetleri, uzman kadromuzla hizmet verilmektedir.\" \/>\n<meta name=\"robots\" content=\"index, follow, max-snippet:-1, max-image-preview:large, max-video-preview:-1\" \/>\n<link rel=\"canonical\" href=\"https:\/\/ankaracevre.com\/?page_id=30\" \/>\n<meta property=\"og:locale\" content=\"tr_TR\" \/>\n<meta property=\"og:type\" content=\"article\" \/>\n<meta property=\"og:title\" content=\"Hizmetlerimiz - Ankara \u00c7evre Dan\u0131\u015fmanl\u0131k Hizmetleri - Sien \u00c7evre\" \/>\n<meta property=\"og:description\" content=\"\u00c7ED Raporu, Proje Tan\u0131t\u0131m Dosyas\u0131, \u00c7ED Kapsamd\u0131\u015f\u0131 karar\u0131, \u00c7evre Dan\u0131\u015fmanl\u0131k Hizmetleri, uzman kadromuzla hizmet verilmektedir.\" \/>\n<meta property=\"og:url\" content=\"https:\/\/ankaracevre.com\/?page_id=30\" \/>\n<meta property=\"og:site_name\" content=\"\u00c7evre Dan\u0131\u015fmanl\u0131k ve \u00c7ED Raporu - S\u0130EN \u00c7evre\" \/>\n<meta property=\"article:modified_time\" content=\"2022-08-17T06:04:27+00:00\" \/>\n<meta property=\"og:image\" content=\"http:\/\/ankaracevre.com\/wp-content\/uploads\/2018\/08\/cevre-danismanlik-hizmeti.jpg\" \/>\n<meta name=\"twitter:card\" content=\"summary_large_image\" \/>\n<meta name=\"twitter:label1\" content=\"Tahmini okuma s\u00fcresi\" \/>\n\t<meta name=\"twitter:data1\" content=\"3 dakika\" \/>\n<script type=\"application\/ld+json\" class=\"yoast-schema-graph\">{\"@context\":\"https:\/\/schema.org\",\"@graph\":[{\"@type\":\"WebPage\",\"@id\":\"https:\/\/ankaracevre.com\/?page_id=30\",\"url\":\"https:\/\/ankaracevre.com\/?page_id=30\",\"name\":\"Hizmetlerimiz - Ankara \u00c7evre Dan\u0131\u015fmanl\u0131k Hizmetleri - Sien \u00c7evre\",\"isPartOf\":{\"@id\":\"https:\/\/ankaracevre.com\/#website\"},\"datePublished\":\"2018-08-04T11:17:20+00:00\",\"dateModified\":\"2022-08-17T06:04:27+00:00\",\"description\":\"\u00c7ED Raporu, Proje Tan\u0131t\u0131m Dosyas\u0131, \u00c7ED Kapsamd\u0131\u015f\u0131 karar\u0131, \u00c7evre Dan\u0131\u015fmanl\u0131k Hizmetleri, uzman kadromuzla hizmet verilmektedir.\",\"inLanguage\":\"tr\",\"potentialAction\":[{\"@type\":\"ReadAction\",\"target\":[\"https:\/\/ankaracevre.com\/?page_id=30\"]}]},{\"@type\":\"WebSite\",\"@id\":\"https:\/\/ankaracevre.com\/#website\",\"url\":\"https:\/\/ankaracevre.com\/\",\"name\":\"\u00c7evre Dan\u0131\u015fmanl\u0131k ve \u00c7ED Raporu - S\u0130EN \u00c7evre\",\"description\":\"Sien \u00c7evre Dan\u0131\u015fmanl\u0131k Kurulu\u015fudur.\",\"publisher\":{\"@id\":\"https:\/\/ankaracevre.com\/#organization\"},\"potentialAction\":[{\"@type\":\"SearchAction\",\"target\":{\"@type\":\"EntryPoint\",\"urlTemplate\":\"https:\/\/ankaracevre.com\/?s={search_term_string}\"},\"query-input\":\"required name=search_term_string\"}],\"inLanguage\":\"tr\"},{\"@type\":\"Organization\",\"@id\":\"https:\/\/ankaracevre.com\/#organization\",\"name\":\"Sien \u00c7evre Dan\u0131\u015fmanl\u0131k\",\"url\":\"https:\/\/ankaracevre.com\/\",\"logo\":{\"@type\":\"ImageObject\",\"inLanguage\":\"tr\",\"@id\":\"https:\/\/ankaracevre.com\/#\/schema\/logo\/image\/\",\"url\":\"https:\/\/ankaracevre.com\/wp-content\/uploads\/2018\/08\/sien-ikon.png\",\"contentUrl\":\"https:\/\/ankaracevre.com\/wp-content\/uploads\/2018\/08\/sien-ikon.png\",\"width\":80,\"height\":93,\"caption\":\"Sien \u00c7evre Dan\u0131\u015fmanl\u0131k\"},\"image\":{\"@id\":\"https:\/\/ankaracevre.com\/#\/schema\/logo\/image\/\"},\"sameAs\":[\"https:\/\/www.linkedin.com\/in\/sinan-kurban-675aa759\/\"]}]}<\/script>\n<!-- \/ Yoast SEO plugin. -->","yoast_head_json":{"title":"Hizmetlerimiz - Ankara \u00c7evre Dan\u0131\u015fmanl\u0131k Hizmetleri - Sien \u00c7evre","description":"\u00c7ED Raporu, Proje Tan\u0131t\u0131m Dosyas\u0131, \u00c7ED Kapsamd\u0131\u015f\u0131 karar\u0131, \u00c7evre Dan\u0131\u015fmanl\u0131k Hizmetleri, uzman kadromuzla hizmet verilmektedir.","robots":{"index":"index","follow":"follow","max-snippet":"max-snippet:-1","max-image-preview":"max-image-preview:large","max-video-preview":"max-video-preview:-1"},"canonical":"https:\/\/ankaracevre.com\/?page_id=30","og_locale":"tr_TR","og_type":"article","og_title":"Hizmetlerimiz - Ankara \u00c7evre Dan\u0131\u015fmanl\u0131k Hizmetleri - Sien \u00c7evre","og_description":"\u00c7ED Raporu, Proje Tan\u0131t\u0131m Dosyas\u0131, \u00c7ED Kapsamd\u0131\u015f\u0131 karar\u0131, \u00c7evre Dan\u0131\u015fmanl\u0131k Hizmetleri, uzman kadromuzla hizmet verilmektedir.","og_url":"https:\/\/ankaracevre.com\/?page_id=30","og_site_name":"\u00c7evre Dan\u0131\u015fmanl\u0131k ve \u00c7ED Raporu - S\u0130EN \u00c7evre","article_modified_time":"2022-08-17T06:04:27+00:00","og_image":[{"url":"http:\/\/ankaracevre.com\/wp-content\/uploads\/2018\/08\/cevre-danismanlik-hizmeti.jpg"}],"twitter_card":"summary_large_image","twitter_misc":{"Tahmini okuma s\u00fcresi":"3 dakika"},"schema":{"@context":"https:\/\/schema.org","@graph":[{"@type":"WebPage","@id":"https:\/\/ankaracevre.com\/?page_id=30","url":"https:\/\/ankaracevre.com\/?page_id=30","name":"Hizmetlerimiz - Ankara \u00c7evre Dan\u0131\u015fmanl\u0131k Hizmetleri - Sien \u00c7evre","isPartOf":{"@id":"https:\/\/ankaracevre.com\/#website"},"datePublished":"2018-08-04T11:17:20+00:00","dateModified":"2022-08-17T06:04:27+00:00","description":"\u00c7ED Raporu, Proje Tan\u0131t\u0131m Dosyas\u0131, \u00c7ED Kapsamd\u0131\u015f\u0131 karar\u0131, \u00c7evre Dan\u0131\u015fmanl\u0131k Hizmetleri, uzman kadromuzla hizmet verilmektedir.","inLanguage":"tr","potentialAction":[{"@type":"ReadAction","target":["https:\/\/ankaracevre.com\/?page_id=30"]}]},{"@type":"WebSite","@id":"https:\/\/ankaracevre.com\/#website","url":"https:\/\/ankaracevre.com\/","name":"\u00c7evre Dan\u0131\u015fmanl\u0131k ve \u00c7ED Raporu - S\u0130EN \u00c7evre","description":"Sien \u00c7evre Dan\u0131\u015fmanl\u0131k Kurulu\u015fudur.","publisher":{"@id":"https:\/\/ankaracevre.com\/#organization"},"potentialAction":[{"@type":"SearchAction","target":{"@type":"EntryPoint","urlTemplate":"https:\/\/ankaracevre.com\/?s={search_term_string}"},"query-input":"required name=search_term_string"}],"inLanguage":"tr"},{"@type":"Organization","@id":"https:\/\/ankaracevre.com\/#organization","name":"Sien \u00c7evre Dan\u0131\u015fmanl\u0131k","url":"https:\/\/ankaracevre.com\/","logo":{"@type":"ImageObject","inLanguage":"tr","@id":"https:\/\/ankaracevre.com\/#\/schema\/logo\/image\/","url":"https:\/\/ankaracevre.com\/wp-content\/uploads\/2018\/08\/sien-ikon.png","contentUrl":"https:\/\/ankaracevre.com\/wp-content\/uploads\/2018\/08\/sien-ikon.png","width":80,"height":93,"caption":"Sien \u00c7evre Dan\u0131\u015fmanl\u0131k"},"image":{"@id":"https:\/\/ankaracevre.com\/#\/schema\/logo\/image\/"},"sameAs":["https:\/\/www.linkedin.com\/in\/sinan-kurban-675aa759\/"]}]}},"_links":{"self":[{"href":"https:\/\/ankaracevre.com\/index.php?rest_route=\/wp\/v2\/pages\/30"}],"collection":[{"href":"https:\/\/ankaracevre.com\/index.php?rest_route=\/wp\/v2\/pages"}],"about":[{"href":"https:\/\/ankaracevre.com\/index.php?rest_route=\/wp\/v2\/types\/page"}],"author":[{"embeddable":true,"href":"https:\/\/ankaracevre.com\/index.php?rest_route=\/wp\/v2\/users\/1"}],"replies":[{"embeddable":true,"href":"https:\/\/ankaracevre.com\/index.php?rest_route=%2Fwp%2Fv2%2Fcomments&post=30"}],"version-history":[{"count":4,"href":"https:\/\/ankaracevre.com\/index.php?rest_route=\/wp\/v2\/pages\/30\/revisions"}],"predecessor-version":[{"id":2009,"href":"https:\/\/ankaracevre.com\/index.php?rest_route=\/wp\/v2\/pages\/30\/revisions\/2009"}],"wp:attachment":[{"href":"https:\/\/ankaracevre.com\/index.php?rest_route=%2Fwp%2Fv2%2Fmedia&parent=30"}],"curies":[{"name":"wp","href":"https:\/\/api.w.org\/{rel}","templated":true}]}}